r?
True
Is 9044816861 a prime number?
False
Is 183360088337 prime?
False
Is 45554696815 composite?
True
Is 275392861 a prime number?
True
Is 2643939241 a prime number?
True
Is 84794415929 prime?
True
Is 1982259131 a composite number?
False
Is 208223801 a composite number?
False
Is 2601849997 composite?
True
Is 679364033 a prime number?
True
Is 22741263097 a prime number?
False
Is 3496861981 composite?
False
Is 425530169 prime?
False
Is 28149547 composite?
False
Is 1946571113 composite?
False
Is 12647029003 a prime number?
False
Is 1648640309 a prime number?
True
Is 1617472897 composite?
False
Is 14852265017 a composite number?
False
Is 69797137 prime?
True
Is 977053279 a composite number?
True
Is 3584111203 a composite number?
False
Is 64134514681 composite?
True
Is 55903606889 prime?
False
Is 7606078859 a prime number?
True
Is 540738967 a prime number?
True
Is 2510522351 composite?
False
Is 12607130689 prime?
False
Is 3273117227 a composite number?
False
Is 1605545143 composite?
True
Is 25787186959 a prime number?
True
Is 18289052651 prime?
False
Is 114503791919 prime?
False
Is 1499555437 a prime number?
False
Is 53040027167 prime?
False
Is 1666353097 a prime number?
False
Is 320857331 prime?
True
Is 3898074813 composite?
True
Is 622245343 a prime number?
False
Is 493620949 composite?
False
Is 209992613221 prime?
False
Is 23498400379 a composite number?
True
Is 229601753 a prime number?
False
Is 3651664901 a composite number?
False
Is 461197531 prime?
True
Is 364085081 a composite number?
False
Is 1867191533 a prime number?
True
Is 732030253 composite?
False
Is 109253791 a prime number?
True
Is 6423585199 prime?
False
Is 1375352269 composite?
False
Is 764699959 a composite number?
False
Is 93172764669 a prime number?
False
Is 19339767077 a composite number?
False
Is 3607898018 prime?
False
Is 4215061034 a prime number?
False
Is 2440607327 prime?
False
Is 11254194359 prime?
False
Is 7483488499 prime?
False
Is 144078671 a prime number?
False
Is 2066698663 a prime number?
False
Is 8778979009 prime?
False
Is 13794731081 composite?
False
Is 3376401377 composite?
False
Is 21910475201 prime?
True
Is 57589858369 prime?
True
Is 62362451 a prime number?
True
Is 108533457311 a composite number?
False
Is 3807360989 prime?
True
Is 115659418943 prime?
False
Is 999077161 prime?
False
Is 14175325757 a prime number?
True
Is 875378677 a composite number?
False
Is 986095259 composite?
False
Is 32883747481 a prime number?
False
Is 6195614302 a composite number?
True
Is 7704838619 composite?
True
Is 525112171 prime?
False
Is 24973051433 composite?
True
Is 6650114753 composite?
True
Is 19283671943 prime?
True
Is 1684795009 prime?
False
Is 53121774767 a composite number?
False
Is 509525123 composite?
True
Is 8565792587 prime?
False
Is 19608159803 a composite number?
False
Is 183329753017 a composite number?
True
Is 9800497823 composite?
True
Is 878066681 prime?
False
Is 2596634273 prime?
True
Is 1019327711 composite?
False
Is 12696856303 composite?
True
Is 8692568789 a composite number?
True
Is 26337926993 a prime number?
False
Is 6629187599 composite?
True
Is 24374812771 a prime number?
True
Is 72514801267 composite?
False
Is 2223558221 prime?
True
Is 16408354093 a prime number?
True
Is 6913394591 prime?
True
Is 9228640963 prime?
False
Is 62088011549 a composite number?
True
Is 88512004913 prime?
False
Is 64815781337 a prime number?
False
Is 11169871061 prime?
True
Is 41580051 a prime number?
False
Is 301376671 composite?
True
Is 1146537361 a composite number?
False
Is 3530723303 prime?
True
Is 788469479 prime?
False
Is 8222267699 composite?
False
Is 79904771 a composite number?
False
Is 6371542069 prime?
False
Is 141781681 prime?
True
Is 35886599807 a composite number?
True
Is 32973757 composite?
False
Is 2358008743 composite?
True
Is 755750851 composite?
False
Is 222343161133 composite?
False
Is 2370583561 prime?
True
Is 1121003563 a composite number?
False
Is 21420811 composite?
False
Is 5916734503 prime?
True
Is 508348979 a composite number?
False
Is 248916553 a prime number?
False
Is 9010044971 a prime number?
True
Is 414701857 a composite number?
True
Is 10964358646 composite?
True
Is 3192369403 composite?
False
Is 4233106931 a prime number?
True
Is 813286627 prime?
True
Is 93796234529 a composite number?
True
Is 1681981797 prime?
False
Is 123823009 a prime number?
False
Is 1346028757 a composite number?
True
Is 11919111803 a prime number?
False
Is 195426349765 composite?
True
Is 103233037 a prime number?
False
Is 8422676399 a composite number?
False
Is 151438433 a prime number?
False
Is 1877401213 a composite number?
False
Is 3581439065 a composite number?
True
Is 541391407 a composite number?
True
Is 19736598559 a prime number?
True
Is 2869010779 prime?
True
Is 21616679839 prime?
False
Is 89568211 a prime number?
False
Is 680368433 a prime number?
True
Is 10405504685 composite?
True
Is 32455991947 a composite number?
False
Is 8293316503 a prime number?
False
Is 3960607631 composite?
False
Is 150450437 prime?
True
Is 627868069 composite?
True
Is 3664337153 a prime number?
True
Is 5374897951 prime?
True
Is 1698578293 a composite number?
False
Is 45180827 a prime number?
False
Is 7585217135 a composite number?
True
Is 23240047 composite?
True
Is 902726113 composite?
True
Is 17711192509 a prime number?
False
Is 906004601 a composite number?
True
Is 1876221001 prime?
False
Is 21091003387 a composite number?
True
Is 1325272271 a composite number?
False
Is 1904589389 a composite number?
True
Is 98808387 prime?
False
Is 4535354761 composite?
True
Is 1213802773 a composite number?
True
Is 334878953 a prime number?
True
Is 23739851449 composite?
False
Is 1533105149 a composite number?
False
Is 22118990147 a composite number?
False
Is 2834523821 a composite number?
False
Is 716247841 composite?
False
Is 1631156173 composite?
False
Is 2855747737 composite?
True
Is 33865149991 composite?
False
Is 12265419197 composite?
False
Is 4095464759 a prime number?
True
Is 121295742181 a composite number?
False
Is 303864481 prime?
True
Is 185499439877 prime?
False
Is 1321692461 prime?
True
Is 626802329 prime?
True
Is 5646028873 a prime number?
True
Is 153306374519 composite?
False
Is 196148167 composite?
True
Is 1513669823 a composite number?
True
Is 2499831583 a composite number?
False
Is 8053119601 a prime number?
True
Is 970329649 prime?
True
Is 10600764235 composite?
True
Is 1289208191 a prime number?
False
Is 2005059311 composite?
True
Is 10402091561 composite?
True
Is 19914353246 a prime number?
False
Is 13227725141 composite?
True
Is 59930569 prime?
True
Is 986026273 prime?
False
Is 1956983179 a prime number?
True
Is 3668696677 prime?
True
Is 15880264949 a prime number?
False
Is 66543807259 a prime number?
False
Is 408120227 a prime number?
False
Is 467228891 a composite number?
False
Is 1200141373 composite?
True
Is 30703821041 composite?
False
Is 42773131 a prime number?
False
Is 155431046231 a composite number?
False
Is 228388090771 a prime number?
True
Is 7173177479 prime?
False
Is 28674379831 composite?
True
Is 74466805273 prime?
False
Is 57797884351 composite?
True
Is 843655843 a prime number?
False
Is 991890707 a prime number?
False
Is 1371836483 a prime number?
True
Is 1442636311 composite?
False
Is 710436553 a prime number?
False
Is 1335158417 a prime number?
False
Is 1000241951 a composite number?
False
Is 747049907 a composite number?
False
Is 11566251842 prime?
False
Is 5262171989 composite?
True
Is 11629266899 composite?
True
Is 19979220839 a composite number?
False
Is 70088947 prime?
True
Is 2530499039 composite?
False
Is 17620981537 a prime number?
False
Is 169275361 a prime number?
False
Is 918713893 prime?
True
Is 1008734873 composite?
True
Is 7506398453 prime?
True
Is 10897867345 prime?
False
Is 7252116031 prime?
True
Is 11806692607 a prime number?
True
Is 4011441719 prime?
True
Is 57314418799 prime?
False
Is 21199344833 prime?
True
Is 2499902313 a prime number?
False
Is 184917698653 prime?
True
Is 27074334059 composite?
False
Is 17384183501 a prime number?
True
Is 82987523679 prime?
False
Is 328774349 prime?
False
Is 1354962403 a prime number?
True
Is 2752487093 prime?
True
Is 189321323 composite?
True
Is 231830111 a prime number?
True
Is 813254601 